t c(i) = i**2 - 9*i + 13. Let s(h) = -1. Let u(o) = -c(o) - 3*s(o). What are the prime factors of u(t)?
2
Suppose -a + 2*b + 118 = 0, -2*b = -2*a - 5*b + 215. What are the prime factors of a?
2, 7
Let x(o) = 1 + o + 8 + 4 - 4. Let u be x(-7). Suppose 0 = u*g + 2*g - 40. List the prime factors of g.
2, 5
Suppose -42 = -r - 2*r. List the prime factors of 1 + (1 - -2) + r.
2, 3
Let u = 16 - -46. What are the prime factors of u?
2, 31
Suppose 2*k - 130 = -38. List the prime factors of k.
2, 23
Let f = -17 - -10. Let s = 18 + f. What are the prime factors of s?
11
Let o(z) = -z + 4. Suppose 20 = 4*w + w. Let l be o(w). Suppose -q + l = -5. List the prime factors of q.
5
What are the prime factors of 31 + 1 + 2 + 0?
2, 17
Let w(o) = -o**2 + 22*o + 44. List the prime factors of w(19).
101
Let k = 3 - -1. Suppose s - k*s = 3*z - 12, 0 = 5*z + 15. What are the prime factors of s?
7
Let a(m) = m - 10. Let z be a(12). Suppose 3 + 35 = z*d. List the prime factors of d.
19
Suppose -d + 131 - 39 = 0. What are the prime factors of d?
2, 23
Suppose -11 + 1 = -5*t. What are the prime factors of 0 + t - -2*1?
2
Let j = 21 + -16. Suppose u - 27 = -j*t + 4*t, 0 = t - 2*u - 21. What are the prime factors of t?
5
Let x(m) = -2*m**2 + 2*m + 1. Let b be x(-1). What are the prime factors of b + (-3)/1*-7?
2, 3
Let f(a) = 2 + 2 - 6 + 3 + 12*a. List the prime factors of f(1).
13
Let k = -5 + 8. What are the prime factors of 42/k*(-10)/(-4)?
5, 7
Let b(f) = 38*f - 12. List the prime factors of b(5).
2, 89
Suppose -s = 5*i - 191, -4*i + s = -68 - 92. List the prime factors of i.
3, 13
Let i(r) = -r**2 + r + 4. Let f be i(3). Suppose -u - 3*u = 0. Let l = u - f. List the prime factors of l.
2
List the prime factors of -4*(-1065)/100 + 2/5.
43
Suppose -3057 = -10*z + 863. List the prime factors of z.
2, 7
Suppose 2 - 38 = -4*t. Let j = 15 - t. Suppose m - 6 = j. List the prime factors of m.
2, 3
Let q = 11 + 4. Let w be 3/12*2*6. Suppose -p + w = -q. What are the prime factors of p?
2, 3
Let o = -6 + 302. List the prime factors of o.
2, 37
Suppose 0 = -0*a + 4*a - 8. Let s = 7 - a. What are the prime factors of s?
5
What are the prime factors of (-7)/(-1)*(5 - 4)?
7
Suppose -5*o + 14 = -336. List the prime factors of o.
2, 5, 7
Suppose 215 = 5*b + 5*a, 4*a + 59 = -5*b + 270. What are the prime factors of b?
3, 13
Suppose 0 = -4*z - z + 40. Let u = 1 - z. List the prime factors of u/(-21) + 5/3.
2
Let z(u) = u**3 + 14*u**2 - 34*u + 9. List the prime factors of z(-16).
41
Let v = -2 + 7. Let m(f) = 0*f**2 - 4 - 2*f - f**2 - v*f. What are the prime factors of m(-6)?
2
Let v = 15 - 11. Let s = v + 1. What are the prime factors of s?
5
Suppose 49*x = 45*x + 64. List the prime factors of x.
2
Let d(p) = 2*p**3 - p**2 + p. Let c be d(1). Let l(n) = 40*n - 2. Let x be l(c). What are the prime factors of (-1)/(x/27 - 3)?
3
Suppose -5*a = 5*q - 490, a = 4*q + 3*a - 392. List the prime factors of q.
2, 7
Suppose -5*u + 3*u - 10 = 0. Let w(l) be the second derivative of -l**4/12 - 7*l**3/6 - 3*l**2 + l. List the prime factors of w(u).
2
Let o be (-8)/2*2/(-4). Suppose 3*c - o*c = 2*a, -c - 4 = 0. Let s(k) = -3*k + 2. List the prime factors of s(a).
2
Let z(i) = -i**3 + 3*i**2 - 4*i + 3. Let d be z(3). Let a(n) be the third derivative of -n**4/24 - n**3 + n**2. What are the prime factors of a(d)?
3
Let b be 22/3 - 1/3. Let t(m) = m**3 - 8*m**2 + 11*m - 10. Let o be t(b). Let w = 0 + o. What are the prime factors of w?
2, 3
Let h(j) = j**3 + 10*j**2 - 3*j + 20. What are the prime factors of h(-9)?
2
Let z be -3 + -1*(-1 + -2). Suppose z*d - 20 = -4*d. List the prime factors of d.
5
Let d(p) = -6*p**3 + 3*p**2 - 3*p + 3. Let w be d(2). Let v = w - -65. Suppose -v = -3*h - 11. List the prime factors of h.
5
Let j be (-5 - 1)*4/(-12). Suppose 2*k = 5*d + 4, 0 = 2*d + 2*k + j + 8. What are the prime factors of (0 - -2) + (-34)/d?
19
Let w(s) be the first derivative of s**3/3 - 5*s**2/2 + 3. What are the prime factors of w(6)?
2, 3
What are the prime factors of ((-18)/12)/(-1 + 2/8)?
2
Suppose f + 68 = 5*f. Suppose 5 = c - f. What are the prime factors of c?
2, 11
Let g = -184 + 288. What are the prime factors of g?
2, 13
Suppose 6*g = 4*g + 84. What are the prime factors of g?
2, 3, 7
Suppose -b - b + k + 45 = 0, -2*b + 43 = k. What are the prime factors of b?
2, 11
Let i be 94*3/6 - 2. Suppose -i = -3*t - 3*s, 3*t = -t - s + 72. What are the prime factors of t?
19
Let g = 29 - -4. List the prime factors of g.
3, 11
Let z = -7 - 0. Let u = -5 - z. Suppose 28 = 2*g + u*g. What are the prime factors of g?
7
Let t(m) = -m - 19. Let p be t(-16). Let s = p - -7. List the prime factors of s.
2
List the prime factors of (6 - 12/(-4))*7.
3, 7
Let x(m) = -m + 4. Let b be x(4). Suppose b = -7*k + 8*k - 19. What are the prime factors of k?
19
Suppose 0 = i + i - y - 1, -2*y = -3*i + 2. Suppose i*o = -3*o + 9. Suppose -s + 0*s + o = 0. What are the prime factors of s?
3
Suppose 0*t - 48 = -6*t. What are the prime factors of t?
2
Let o = -21 + 23. Suppose -o*s = -p - 45, 4*s - 3*p - 75 = -6*p. What are the prime factors of s?
3, 7
Let p = 2 - 3. Let c = 6 - p. What are the prime factors of c?
7
Let q(a) = a**2 + 5*a - 6. Let l be q(-5). Let n be (-6)/4*28/l. Suppose 3*v + n*u = 3*u, 5*u + 15 = 0. What are the prime factors of v?
2
Suppose 85 = 8*f - 35. What are the prime factors of f?
3, 5
Let m(u) be the second derivative of u**3/3 - 5*u**2/2 - u. Suppose 3*c + 4*n = -2 + 30, -5*n = -2*c - 12. What are the prime factors of m(c)?
3
Let a(t) = -t**2 + t - 7*t - 5*t - 7. Let r be a(-7). Suppose 4*u - r = 23. List the prime factors of u.
11
Let d(v) = -v**3 + 7*v**2 - 18*v + 8. Let i(b) = b**3 - 6*b**2 + 19*b - 7. Let m(k) = 7*d(k) + 6*i(k). List the prime factors of m(12).
2, 7
Let a(j) be the second derivative of 3*j**5/4 + j**4/12 - j**3/3 + j**2/2 - 3*j. List the prime factors of a(1).
3, 5
Let h = 12 - 6. What are the prime factors of (-2)/3 + 16/h?
2
Let l(s) = s + 28. Let g(w) = w**2 + 6*w + 5. Let z be g(-5). What are the prime factors of l(z)?
2, 7
Let d(f) = -4*f**2 + 3*f**2 + f + 7 - 2. Let c be d(0). Suppose -q + 0*q - 39 = -c*k, k - 3*q = 5. List the prime factors of k.
2
Let o(l) be the third derivative of -l**4/24 + 2*l**3 - l**2. List the prime factors of o(5).
7
Let p(t) = -8*t**2 - 38*t**3 - 3*t**2 + 11*t**2 - t. List the prime factors of p(-1).
3, 13
Let t = -7 + 10. Suppose 0 = 3*h - 4*a - 0*a - 47, 17 = t*h + 2*a. List the prime factors of h.
3
Let n be -11 + (-1)/3*-3. Let k = 6 + n. Let q = 1 - k. What are the prime factors of q?
5
Let t(o) = o**2 + 10*o - 2. Let y be t(-10). What are the prime factors of ((-1)/y)/(4/184)?
23
Let p(b) = 2*b**2 + 2*b + 1 - 9*b - b**2 - 2*b**2. List the prime factors of p(-5).
11
Let p(i) = -i + 11. Let h be p(5). Suppose -14 = -2*f - h. List the prime factors of f.
2
Suppose -5*h + 115 = -3*b, -3*b - 8 = -h + 3. What are the prime factors of h?
2, 13
Let u(o) = -o - 4. Let q = 18 - 12. Let t be (q - 8)/((-2)/(-7)). What are the prime factors of u(t)?
3
List the prime factors of -3 + -21*(-6)/9.
11
Let f(c) be the first derivative of -5*c**4/4 - c**3/3 - c**2/2 - c + 3. What are the prime factors of f(-1)?
2
Let y be (0 - 1/2)*0. Suppose y = v - 16. List the prime factors of v.
2
Let v = -1 - -13. What are the prime factors of v?
2, 3
Let z = 28 + 92. Suppose -6*t + z = -2*t. List the prime factors of t.
2, 3, 5
Suppose -3*o - 28 = 5*g, 4*g + 18 = o + o. Let i(c) = c**3 + 10*c**2 + 10*c + 3. Let f be i(-9). List the prime factors of (-38)/g - f/15.
2
Let f be (0 - -2) + (1 - 1). Let w = f - 2. Let r = w + 6. List the prime factors of r.
2, 3
Let z be 2 + (2 - -2)*2. Let k = -5 + z. Suppose -u + k*n = -6*u + 55, -5*u = -2*n - 55. What are the prime factors of u?
11
Suppose -u = -x + 3, 0*x + 3*u = x - 9. Suppose -4*n - 4*f + 62 + 14 = x, 57 = 3*n - 2*f. What are the prime factors of n?
19
Suppose -8*f + 413 = -99. What are the prime factors of f?
2
Suppose -5*i - 2*d + 16 = d, -4*i = -3*d - 2. What are the prime factors of (18/15)/(i/35)?
3, 7
Suppose 2*s + 2 = 3*s. List the prime factors of s.
2
Let q = -14 - -20. Let n = q - -34. What are the prime factors of n?
2, 5
Let h(q) = q + 4 + 4*q - 2*q. List the prime factors of h(6).
2, 11
Let t = -35 